{"id":4131,"date":"2024-03-04T17:37:39","date_gmt":"2024-03-04T17:37:39","guid":{"rendered":"https:\/\/mamaonline.ro\/new\/?post_type=product&amp;p=4131"},"modified":"2024-03-04T17:37:39","modified_gmt":"2024-03-04T17:37:39","slug":"bright-starts-balansoar-rosy-rainbow-2-in-1","status":"publish","type":"product","link":"https:\/\/mamaonline.alta-agentie.ro\/?product=bright-starts-balansoar-rosy-rainbow-2-in-1","title":{"rendered":"Bright Starts - Balansoar Rosy Rainbow 2 \u00een 1"},"content":{"rendered":"<p>Via\u021ba al\u0103turi de bebelusul t\u0103u este c\u00e2t se poate de roz cu balansoarul Rosy Rainbow 2 \u00een 1 de la Bright Starts.<br \/>\nToate caracteristicile:<\/p>\n<p>Este un leagan multifunctional datorita perioadei mai lungi de folosinta. Este recomandat de la nastere pana la 3 ani transformandu-se din leagan pentru bebelusi in scaunel pentru copilasii mai mari.<br \/>\nBalansoarul are 2 pozi\u021bii de \u00eenclinare pentru confortul bebelusului.<br \/>\nIncurajeaza dezvoltarea functiilor senzoriale si a abilitatilor motorii prin jucariile care se regasesc pe bara. Include o jucarie in forma de inima si un zornaitor cu margele<br \/>\nBara de juc\u0103rii se poate detasa pentru a putea pune si scoate copilul cu u\u0219urin\u021b\u0103<br \/>\nCentura de siguranta cu prindere in 5 puncte ofera siguranta si copilul va sta mult mai confortabil<br \/>\nSuportul din fa\u021b\u0103 \u0219i picioarele antiderapante ajut\u0103 \u00een plus la stabilitatea balansoarului, in special cand este folosit in prima etapa.<br \/>\nFunc\u021bionalitatea de vibra\u021bie cu un singur buton este \u00eencorporat\u0103 \u00een scaun \u0219i este alimentat\u0103 de 1 baterie C <\/p>\n<p>Despre Bright StartsMai multa bucurie in fiecare moment! De la primele cuvinte la primele aniversari, fiecare copil merita sa traiasca intr-o lume a distractiei si veseliei. De aceea, misiunea noastra este sa aducem bucuria mai aproape de micuti. Sa le daruim magia rasului si sa le cream amintiri pentru o viata.Noi vedem lumea intr-un mod diferit, iar universul nostru este construit pe zambete, confetti si joaca!<\/p>\n","protected":false},"excerpt":{"rendered":"<p>Acest balansoar cu utilizare multipl\u0103 cre\u0219te odat\u0103 cu bebelu\u0219ul \u0219i este excelent at\u00e2t pentru cei mai mici bebelusi , c\u00e2t \u0219i pentru copilasi pana la aproximativ 3 ani! Micutii se pot lini\u0219ti \u00een balansoar  \u00een timp ce bara de juc\u0103rii \u00eei distreaz\u0103 prin intermediul jucariilor. Jucariile sunt in forma de inima si ofera sunete care il va tine ocupati. Sezutul balansoarului ofera vibra\u021bii care ajut\u0103 la men\u021binerea calmului bebelu\u0219ului \u00een timp ce parintele are un moment de relaxare.<\/p>\n","protected":false},"featured_media":29405,"comment_status":"open","ping_status":"closed","template":"","meta":{"_acf_changed":false},"product_brand":[],"product_cat":[153,44],"product_tag":[26],"class_list":{"0":"post-4131","1":"product","2":"type-product","3":"status-publish","4":"has-post-thumbnail","6":"product_cat-balansoare-bebe","7":"product_cat-carucioare-patuturi","8":"product_tag-balansoar","10":"first","11":"instock","12":"shipping-taxable","13":"purchasable","14":"product-type-simple"},"acf":[],"yoast_head":"<!-- This site is optimized with the Yoast SEO plugin v25.3.1 - https:\/\/yoast.com\/wordpress\/plugins\/seo\/ -->\n<title>Bright Starts - Balansoar Rosy Rainbow 2 \u00een 1 - My Store<\/title>\n<meta name=\"robots\" content=\"noindex, follow, max-snippet:-1, max-image-preview:large, max-video-preview:-1\" \/>\n<meta property=\"og:locale\" content=\"en_US\" \/>\n<meta property=\"og:type\" content=\"article\" \/>\n<meta property=\"og:title\" content=\"Bright Starts - Balansoar Rosy Rainbow 2 \u00een 1 - My Store\" \/>\n<meta property=\"og:description\" content=\"Acest balansoar cu utilizare multipl\u0103 cre\u0219te odat\u0103 cu bebelu\u0219ul \u0219i este excelent at\u00e2t pentru cei mai mici bebelusi , c\u00e2t \u0219i pentru copilasi pana la aproximativ 3 ani! Micutii se pot lini\u0219ti \u00een balansoar \u00een timp ce bara de juc\u0103rii \u00eei distreaz\u0103 prin intermediul jucariilor. Jucariile sunt in forma de inima si ofera sunete care il va tine ocupati. Sezutul balansoarului ofera vibra\u021bii care ajut\u0103 la men\u021binerea calmului bebelu\u0219ului \u00een timp ce parintele are un moment de relaxare.\" \/>\n<meta property=\"og:url\" content=\"https:\/\/mamaonline.alta-agentie.ro\/?product=bright-starts-balansoar-rosy-rainbow-2-in-1\" \/>\n<meta property=\"og:site_name\" content=\"My Store\" \/>\n<meta name=\"twitter:card\" content=\"summary_large_image\" \/>\n<meta name=\"twitter:label1\" content=\"Est. reading time\" \/>\n\t<meta name=\"twitter:data1\" content=\"1 minute\" \/>\n<script type=\"application\/ld+json\" class=\"yoast-schema-graph\">{\"@context\":\"https:\/\/schema.org\",\"@graph\":[{\"@type\":\"WebPage\",\"@id\":\"https:\/\/mamaonline.alta-agentie.ro\/?product=bright-starts-balansoar-rosy-rainbow-2-in-1\",\"url\":\"https:\/\/mamaonline.alta-agentie.ro\/?product=bright-starts-balansoar-rosy-rainbow-2-in-1\",\"name\":\"Bright Starts - Balansoar Rosy Rainbow 2 \u00een 1 - My Store\",\"isPartOf\":{\"@id\":\"https:\/\/mamaonline.alta-agentie.ro\/#website\"},\"primaryImageOfPage\":{\"@id\":\"https:\/\/mamaonline.alta-agentie.ro\/?product=bright-starts-balansoar-rosy-rainbow-2-in-1#primaryimage\"},\"image\":{\"@id\":\"https:\/\/mamaonline.alta-agentie.ro\/?product=bright-starts-balansoar-rosy-rainbow-2-in-1#primaryimage\"},\"thumbnailUrl\":\"\",\"datePublished\":\"2024-03-04T17:37:39+00:00\",\"breadcrumb\":{\"@id\":\"https:\/\/mamaonline.alta-agentie.ro\/?product=bright-starts-balansoar-rosy-rainbow-2-in-1#breadcrumb\"},\"inLanguage\":\"en-US\",\"potentialAction\":[{\"@type\":\"ReadAction\",\"target\":[\"https:\/\/mamaonline.alta-agentie.ro\/?product=bright-starts-balansoar-rosy-rainbow-2-in-1\"]}]},{\"@type\":\"ImageObject\",\"inLanguage\":\"en-US\",\"@id\":\"https:\/\/mamaonline.alta-agentie.ro\/?product=bright-starts-balansoar-rosy-rainbow-2-in-1#primaryimage\",\"url\":\"\",\"contentUrl\":\"\"},{\"@type\":\"BreadcrumbList\",\"@id\":\"https:\/\/mamaonline.alta-agentie.ro\/?product=bright-starts-balansoar-rosy-rainbow-2-in-1#breadcrumb\",\"itemListElement\":[{\"@type\":\"ListItem\",\"position\":1,\"name\":\"Home\",\"item\":\"https:\/\/mamaonline.alta-agentie.ro\/\"},{\"@type\":\"ListItem\",\"position\":2,\"name\":\"Products\",\"item\":\"https:\/\/mamaonline.alta-agentie.ro\/?post_type=product\"},{\"@type\":\"ListItem\",\"position\":3,\"name\":\"Bright Starts - Balansoar Rosy Rainbow 2 \u00een 1\"}]},{\"@type\":\"WebSite\",\"@id\":\"https:\/\/mamaonline.alta-agentie.ro\/#website\",\"url\":\"https:\/\/mamaonline.alta-agentie.ro\/\",\"name\":\"My Store\",\"description\":\"\",\"potentialAction\":[{\"@type\":\"SearchAction\",\"target\":{\"@type\":\"EntryPoint\",\"urlTemplate\":\"https:\/\/mamaonline.alta-agentie.ro\/?s={search_term_string}\"},\"query-input\":{\"@type\":\"PropertyValueSpecification\",\"valueRequired\":true,\"valueName\":\"search_term_string\"}}],\"inLanguage\":\"en-US\"}]}<\/script>\n<!-- \/ Yoast SEO plugin. -->","yoast_head_json":{"title":"Bright Starts - Balansoar Rosy Rainbow 2 \u00een 1 - My Store","robots":{"index":"noindex","follow":"follow","max-snippet":"max-snippet:-1","max-image-preview":"max-image-preview:large","max-video-preview":"max-video-preview:-1"},"og_locale":"en_US","og_type":"article","og_title":"Bright Starts - Balansoar Rosy Rainbow 2 \u00een 1 - My Store","og_description":"Acest balansoar cu utilizare multipl\u0103 cre\u0219te odat\u0103 cu bebelu\u0219ul \u0219i este excelent at\u00e2t pentru cei mai mici bebelusi , c\u00e2t \u0219i pentru copilasi pana la aproximativ 3 ani! Micutii se pot lini\u0219ti \u00een balansoar \u00een timp ce bara de juc\u0103rii \u00eei distreaz\u0103 prin intermediul jucariilor. Jucariile sunt in forma de inima si ofera sunete care il va tine ocupati. Sezutul balansoarului ofera vibra\u021bii care ajut\u0103 la men\u021binerea calmului bebelu\u0219ului \u00een timp ce parintele are un moment de relaxare.","og_url":"https:\/\/mamaonline.alta-agentie.ro\/?product=bright-starts-balansoar-rosy-rainbow-2-in-1","og_site_name":"My Store","twitter_card":"summary_large_image","twitter_misc":{"Est. reading time":"1 minute"},"schema":{"@context":"https:\/\/schema.org","@graph":[{"@type":"WebPage","@id":"https:\/\/mamaonline.alta-agentie.ro\/?product=bright-starts-balansoar-rosy-rainbow-2-in-1","url":"https:\/\/mamaonline.alta-agentie.ro\/?product=bright-starts-balansoar-rosy-rainbow-2-in-1","name":"Bright Starts - Balansoar Rosy Rainbow 2 \u00een 1 - My Store","isPartOf":{"@id":"https:\/\/mamaonline.alta-agentie.ro\/#website"},"primaryImageOfPage":{"@id":"https:\/\/mamaonline.alta-agentie.ro\/?product=bright-starts-balansoar-rosy-rainbow-2-in-1#primaryimage"},"image":{"@id":"https:\/\/mamaonline.alta-agentie.ro\/?product=bright-starts-balansoar-rosy-rainbow-2-in-1#primaryimage"},"thumbnailUrl":"","datePublished":"2024-03-04T17:37:39+00:00","breadcrumb":{"@id":"https:\/\/mamaonline.alta-agentie.ro\/?product=bright-starts-balansoar-rosy-rainbow-2-in-1#breadcrumb"},"inLanguage":"en-US","potentialAction":[{"@type":"ReadAction","target":["https:\/\/mamaonline.alta-agentie.ro\/?product=bright-starts-balansoar-rosy-rainbow-2-in-1"]}]},{"@type":"ImageObject","inLanguage":"en-US","@id":"https:\/\/mamaonline.alta-agentie.ro\/?product=bright-starts-balansoar-rosy-rainbow-2-in-1#primaryimage","url":"","contentUrl":""},{"@type":"BreadcrumbList","@id":"https:\/\/mamaonline.alta-agentie.ro\/?product=bright-starts-balansoar-rosy-rainbow-2-in-1#breadcrumb","itemListElement":[{"@type":"ListItem","position":1,"name":"Home","item":"https:\/\/mamaonline.alta-agentie.ro\/"},{"@type":"ListItem","position":2,"name":"Products","item":"https:\/\/mamaonline.alta-agentie.ro\/?post_type=product"},{"@type":"ListItem","position":3,"name":"Bright Starts - Balansoar Rosy Rainbow 2 \u00een 1"}]},{"@type":"WebSite","@id":"https:\/\/mamaonline.alta-agentie.ro\/#website","url":"https:\/\/mamaonline.alta-agentie.ro\/","name":"My Store","description":"","potentialAction":[{"@type":"SearchAction","target":{"@type":"EntryPoint","urlTemplate":"https:\/\/mamaonline.alta-agentie.ro\/?s={search_term_string}"},"query-input":{"@type":"PropertyValueSpecification","valueRequired":true,"valueName":"search_term_string"}}],"inLanguage":"en-US"}]}},"_links":{"self":[{"href":"https:\/\/mamaonline.alta-agentie.ro\/index.php?rest_route=\/wp\/v2\/product\/4131","targetHints":{"allow":["GET"]}}],"collection":[{"href":"https:\/\/mamaonline.alta-agentie.ro\/index.php?rest_route=\/wp\/v2\/product"}],"about":[{"href":"https:\/\/mamaonline.alta-agentie.ro\/index.php?rest_route=\/wp\/v2\/types\/product"}],"replies":[{"embeddable":true,"href":"https:\/\/mamaonline.alta-agentie.ro\/index.php?rest_route=%2Fwp%2Fv2%2Fcomments&post=4131"}],"wp:featuredmedia":[{"embeddable":true,"href":"https:\/\/mamaonline.alta-agentie.ro\/index.php?rest_route=\/"}],"wp:attachment":[{"href":"https:\/\/mamaonline.alta-agentie.ro\/index.php?rest_route=%2Fwp%2Fv2%2Fmedia&parent=4131"}],"wp:term":[{"taxonomy":"product_brand","embeddable":true,"href":"https:\/\/mamaonline.alta-agentie.ro\/index.php?rest_route=%2Fwp%2Fv2%2Fproduct_brand&post=4131"},{"taxonomy":"product_cat","embeddable":true,"href":"https:\/\/mamaonline.alta-agentie.ro\/index.php?rest_route=%2Fwp%2Fv2%2Fproduct_cat&post=4131"},{"taxonomy":"product_tag","embeddable":true,"href":"https:\/\/mamaonline.alta-agentie.ro\/index.php?rest_route=%2Fwp%2Fv2%2Fproduct_tag&post=4131"}],"curies":[{"name":"wp","href":"https:\/\/api.w.org\/{rel}","templated":true}]}}