{"id":2056,"date":"2024-01-22T09:06:50","date_gmt":"2024-01-22T09:06:50","guid":{"rendered":"https:\/\/mamaonline.ro\/new\/?post_type=product&amp;p=2056"},"modified":"2025-06-25T12:06:33","modified_gmt":"2025-06-25T12:06:33","slug":"kraftkids-patura-pentru-schimbat-scutele-bebelusi","status":"publish","type":"product","link":"https:\/\/mamaonline.alta-agentie.ro\/?product=kraftkids-patura-pentru-schimbat-scutele-bebelusi","title":{"rendered":"Kraftkids - Patura pentru schimbat scutece bebelusi"},"content":{"rendered":"<p>Senza\u021bie pl\u0103cut\u0103 pe piele: Datorit\u0103 con\u021binutului de 100% bumbac, salteaua de schimbare se simte super moale \u0219i protejeaz\u0103 pielea copilului t\u0103u.<br \/>\nU\u0219or de \u00eentre\u021binut: Salteaua de schimbare poate fi sp\u0103lat\u0103 u\u0219or \u00een ma\u0219ina de sp\u0103lat la p\u00e2n\u0103 la 40 de grade.<br \/>\nDesign atemporal: Alege\u021bi dintr-o varietate de \u021bes\u0103turi \u0219i modele discrete pentru a g\u0103si salteaua de schimbare care v\u0103 place cel mai mult.<br \/>\nFabricat cu dragoste, manual: Salteaua a fost fabricat\u0103 manual cu mare grij\u0103 \u00een UE, conform standardelor noastre \u00eenalte de calitate.<br \/>\nDimensiunea perfect\u0103: Alege\u021bi dimensiunea perfect\u0103 pentru masa de schimbare din dimensiunile practice de 75 x 70 cm, 60 x 70 cm, 78 x 78 cm \u0219i 85 x 75 cm. Potrivit\u0103 pentru multe mese de schimbare.<\/p>\n","protected":false},"excerpt":{"rendered":"<p>Saltea de Schimb 85x75 cm (LxA), Pern\u0103 de Schimb, Multicolor, 790 g<\/p>\n","protected":false},"featured_media":28510,"comment_status":"open","ping_status":"closed","template":"","meta":{"_acf_changed":false},"product_brand":[],"product_cat":[19,63,94,121],"product_tag":[76],"class_list":{"0":"post-2056","1":"product","2":"type-product","3":"status-publish","4":"has-post-thumbnail","6":"product_cat-accesorii-copii","7":"product_cat-ingrijire-igiena","8":"product_cat-paturici","9":"product_cat-scutece","10":"product_tag-mamaonline","12":"first","13":"instock","14":"shipping-taxable","15":"purchasable","16":"product-type-simple"},"acf":[],"yoast_head":"<!-- This site is optimized with the Yoast SEO plugin v25.3.1 - https:\/\/yoast.com\/wordpress\/plugins\/seo\/ -->\n<title>Kraftkids - Patura pentru schimbat scutece bebelusi - My Store<\/title>\n<meta name=\"robots\" content=\"noindex, follow, max-snippet:-1, max-image-preview:large, max-video-preview:-1\" \/>\n<meta property=\"og:locale\" content=\"en_US\" \/>\n<meta property=\"og:type\" content=\"article\" \/>\n<meta property=\"og:title\" content=\"Kraftkids - Patura pentru schimbat scutece bebelusi - My Store\" \/>\n<meta property=\"og:description\" content=\"Saltea de Schimb 85x75 cm (LxA), Pern\u0103 de Schimb, Multicolor, 790 g\" \/>\n<meta property=\"og:url\" content=\"https:\/\/mamaonline.alta-agentie.ro\/?product=kraftkids-patura-pentru-schimbat-scutele-bebelusi\" \/>\n<meta property=\"og:site_name\" content=\"My Store\" \/>\n<meta property=\"article:modified_time\" content=\"2025-06-25T12:06:33+00:00\" \/>\n<meta property=\"og:image\" content=\"https:\/\/mamaonline.alta-agentie.ro\/wp-content\/uploads\/2025\/06\/Beaba-Cana-inox-cu-pai-8-luni-1.jpg\" \/>\n\t<meta property=\"og:image:width\" content=\"1000\" \/>\n\t<meta property=\"og:image:height\" content=\"820\" \/>\n\t<meta property=\"og:image:type\" content=\"image\/jpeg\" \/>\n<meta name=\"twitter:card\" content=\"summary_large_image\" \/>\n<meta name=\"twitter:label1\" content=\"Est. reading time\" \/>\n\t<meta name=\"twitter:data1\" content=\"1 minute\" \/>\n<script type=\"application\/ld+json\" class=\"yoast-schema-graph\">{\"@context\":\"https:\/\/schema.org\",\"@graph\":[{\"@type\":\"WebPage\",\"@id\":\"https:\/\/mamaonline.alta-agentie.ro\/?product=kraftkids-patura-pentru-schimbat-scutele-bebelusi\",\"url\":\"https:\/\/mamaonline.alta-agentie.ro\/?product=kraftkids-patura-pentru-schimbat-scutele-bebelusi\",\"name\":\"Kraftkids - Patura pentru schimbat scutece bebelusi - My Store\",\"isPartOf\":{\"@id\":\"https:\/\/mamaonline.alta-agentie.ro\/#website\"},\"primaryImageOfPage\":{\"@id\":\"https:\/\/mamaonline.alta-agentie.ro\/?product=kraftkids-patura-pentru-schimbat-scutele-bebelusi#primaryimage\"},\"image\":{\"@id\":\"https:\/\/mamaonline.alta-agentie.ro\/?product=kraftkids-patura-pentru-schimbat-scutele-bebelusi#primaryimage\"},\"thumbnailUrl\":\"https:\/\/mamaonline.alta-agentie.ro\/wp-content\/uploads\/2025\/06\/Beaba-Cana-inox-cu-pai-8-luni-1.jpg\",\"datePublished\":\"2024-01-22T09:06:50+00:00\",\"dateModified\":\"2025-06-25T12:06:33+00:00\",\"breadcrumb\":{\"@id\":\"https:\/\/mamaonline.alta-agentie.ro\/?product=kraftkids-patura-pentru-schimbat-scutele-bebelusi#breadcrumb\"},\"inLanguage\":\"en-US\",\"potentialAction\":[{\"@type\":\"ReadAction\",\"target\":[\"https:\/\/mamaonline.alta-agentie.ro\/?product=kraftkids-patura-pentru-schimbat-scutele-bebelusi\"]}]},{\"@type\":\"ImageObject\",\"inLanguage\":\"en-US\",\"@id\":\"https:\/\/mamaonline.alta-agentie.ro\/?product=kraftkids-patura-pentru-schimbat-scutele-bebelusi#primaryimage\",\"url\":\"https:\/\/mamaonline.alta-agentie.ro\/wp-content\/uploads\/2025\/06\/Beaba-Cana-inox-cu-pai-8-luni-1.jpg\",\"contentUrl\":\"https:\/\/mamaonline.alta-agentie.ro\/wp-content\/uploads\/2025\/06\/Beaba-Cana-inox-cu-pai-8-luni-1.jpg\",\"width\":1000,\"height\":820},{\"@type\":\"BreadcrumbList\",\"@id\":\"https:\/\/mamaonline.alta-agentie.ro\/?product=kraftkids-patura-pentru-schimbat-scutele-bebelusi#breadcrumb\",\"itemListElement\":[{\"@type\":\"ListItem\",\"position\":1,\"name\":\"Home\",\"item\":\"https:\/\/mamaonline.alta-agentie.ro\/\"},{\"@type\":\"ListItem\",\"position\":2,\"name\":\"Products\",\"item\":\"https:\/\/mamaonline.alta-agentie.ro\/?post_type=product\"},{\"@type\":\"ListItem\",\"position\":3,\"name\":\"Kraftkids - Patura pentru schimbat scutece bebelusi\"}]},{\"@type\":\"WebSite\",\"@id\":\"https:\/\/mamaonline.alta-agentie.ro\/#website\",\"url\":\"https:\/\/mamaonline.alta-agentie.ro\/\",\"name\":\"My Store\",\"description\":\"\",\"potentialAction\":[{\"@type\":\"SearchAction\",\"target\":{\"@type\":\"EntryPoint\",\"urlTemplate\":\"https:\/\/mamaonline.alta-agentie.ro\/?s={search_term_string}\"},\"query-input\":{\"@type\":\"PropertyValueSpecification\",\"valueRequired\":true,\"valueName\":\"search_term_string\"}}],\"inLanguage\":\"en-US\"}]}<\/script>\n<!-- \/ Yoast SEO plugin. -->","yoast_head_json":{"title":"Kraftkids - Patura pentru schimbat scutece bebelusi - My Store","robots":{"index":"noindex","follow":"follow","max-snippet":"max-snippet:-1","max-image-preview":"max-image-preview:large","max-video-preview":"max-video-preview:-1"},"og_locale":"en_US","og_type":"article","og_title":"Kraftkids - Patura pentru schimbat scutece bebelusi - My Store","og_description":"Saltea de Schimb 85x75 cm (LxA), Pern\u0103 de Schimb, Multicolor, 790 g","og_url":"https:\/\/mamaonline.alta-agentie.ro\/?product=kraftkids-patura-pentru-schimbat-scutele-bebelusi","og_site_name":"My Store","article_modified_time":"2025-06-25T12:06:33+00:00","og_image":[{"width":1000,"height":820,"url":"https:\/\/mamaonline.alta-agentie.ro\/wp-content\/uploads\/2025\/06\/Beaba-Cana-inox-cu-pai-8-luni-1.jpg","type":"image\/jpeg"}],"twitter_card":"summary_large_image","twitter_misc":{"Est. reading time":"1 minute"},"schema":{"@context":"https:\/\/schema.org","@graph":[{"@type":"WebPage","@id":"https:\/\/mamaonline.alta-agentie.ro\/?product=kraftkids-patura-pentru-schimbat-scutele-bebelusi","url":"https:\/\/mamaonline.alta-agentie.ro\/?product=kraftkids-patura-pentru-schimbat-scutele-bebelusi","name":"Kraftkids - Patura pentru schimbat scutece bebelusi - My Store","isPartOf":{"@id":"https:\/\/mamaonline.alta-agentie.ro\/#website"},"primaryImageOfPage":{"@id":"https:\/\/mamaonline.alta-agentie.ro\/?product=kraftkids-patura-pentru-schimbat-scutele-bebelusi#primaryimage"},"image":{"@id":"https:\/\/mamaonline.alta-agentie.ro\/?product=kraftkids-patura-pentru-schimbat-scutele-bebelusi#primaryimage"},"thumbnailUrl":"https:\/\/mamaonline.alta-agentie.ro\/wp-content\/uploads\/2025\/06\/Beaba-Cana-inox-cu-pai-8-luni-1.jpg","datePublished":"2024-01-22T09:06:50+00:00","dateModified":"2025-06-25T12:06:33+00:00","breadcrumb":{"@id":"https:\/\/mamaonline.alta-agentie.ro\/?product=kraftkids-patura-pentru-schimbat-scutele-bebelusi#breadcrumb"},"inLanguage":"en-US","potentialAction":[{"@type":"ReadAction","target":["https:\/\/mamaonline.alta-agentie.ro\/?product=kraftkids-patura-pentru-schimbat-scutele-bebelusi"]}]},{"@type":"ImageObject","inLanguage":"en-US","@id":"https:\/\/mamaonline.alta-agentie.ro\/?product=kraftkids-patura-pentru-schimbat-scutele-bebelusi#primaryimage","url":"https:\/\/mamaonline.alta-agentie.ro\/wp-content\/uploads\/2025\/06\/Beaba-Cana-inox-cu-pai-8-luni-1.jpg","contentUrl":"https:\/\/mamaonline.alta-agentie.ro\/wp-content\/uploads\/2025\/06\/Beaba-Cana-inox-cu-pai-8-luni-1.jpg","width":1000,"height":820},{"@type":"BreadcrumbList","@id":"https:\/\/mamaonline.alta-agentie.ro\/?product=kraftkids-patura-pentru-schimbat-scutele-bebelusi#breadcrumb","itemListElement":[{"@type":"ListItem","position":1,"name":"Home","item":"https:\/\/mamaonline.alta-agentie.ro\/"},{"@type":"ListItem","position":2,"name":"Products","item":"https:\/\/mamaonline.alta-agentie.ro\/?post_type=product"},{"@type":"ListItem","position":3,"name":"Kraftkids - Patura pentru schimbat scutece bebelusi"}]},{"@type":"WebSite","@id":"https:\/\/mamaonline.alta-agentie.ro\/#website","url":"https:\/\/mamaonline.alta-agentie.ro\/","name":"My Store","description":"","potentialAction":[{"@type":"SearchAction","target":{"@type":"EntryPoint","urlTemplate":"https:\/\/mamaonline.alta-agentie.ro\/?s={search_term_string}"},"query-input":{"@type":"PropertyValueSpecification","valueRequired":true,"valueName":"search_term_string"}}],"inLanguage":"en-US"}]}},"_links":{"self":[{"href":"https:\/\/mamaonline.alta-agentie.ro\/index.php?rest_route=\/wp\/v2\/product\/2056","targetHints":{"allow":["GET"]}}],"collection":[{"href":"https:\/\/mamaonline.alta-agentie.ro\/index.php?rest_route=\/wp\/v2\/product"}],"about":[{"href":"https:\/\/mamaonline.alta-agentie.ro\/index.php?rest_route=\/wp\/v2\/types\/product"}],"replies":[{"embeddable":true,"href":"https:\/\/mamaonline.alta-agentie.ro\/index.php?rest_route=%2Fwp%2Fv2%2Fcomments&post=2056"}],"wp:featuredmedia":[{"embeddable":true,"href":"https:\/\/mamaonline.alta-agentie.ro\/index.php?rest_route=\/wp\/v2\/media\/28510"}],"wp:attachment":[{"href":"https:\/\/mamaonline.alta-agentie.ro\/index.php?rest_route=%2Fwp%2Fv2%2Fmedia&parent=2056"}],"wp:term":[{"taxonomy":"product_brand","embeddable":true,"href":"https:\/\/mamaonline.alta-agentie.ro\/index.php?rest_route=%2Fwp%2Fv2%2Fproduct_brand&post=2056"},{"taxonomy":"product_cat","embeddable":true,"href":"https:\/\/mamaonline.alta-agentie.ro\/index.php?rest_route=%2Fwp%2Fv2%2Fproduct_cat&post=2056"},{"taxonomy":"product_tag","embeddable":true,"href":"https:\/\/mamaonline.alta-agentie.ro\/index.php?rest_route=%2Fwp%2Fv2%2Fproduct_tag&post=2056"}],"curies":[{"name":"wp","href":"https:\/\/api.w.org\/{rel}","templated":true}]}}