{"id":18163,"date":"2025-03-04T12:50:13","date_gmt":"2025-03-04T12:50:13","guid":{"rendered":"https:\/\/mamaonline.ro\/new\/?post_type=product&amp;p=18163"},"modified":"2025-06-25T12:06:37","modified_gmt":"2025-06-25T12:06:37","slug":"bicicleta-pentru-copii-cu-doua-roti-rozalb-pana-la-35kg","status":"publish","type":"product","link":"https:\/\/mamaonline.alta-agentie.ro\/?product=bicicleta-pentru-copii-cu-doua-roti-rozalb-pana-la-35kg","title":{"rendered":"Bicicleta de echilibru pentru copii cu doua roti, roz&amp;alb, pana la 35kg"},"content":{"rendered":"<h3 data-start=\"158\" data-end=\"271\"><strong data-start=\"158\" data-end=\"269\">Bicicleta pentru copii cu doua roti, roz&amp;alb, pana la 35kg \u2013 prima alegere pentru micii aventurieri!<\/strong><\/h3>\n<p data-start=\"273\" data-end=\"620\">Dac\u0103 vrei s\u0103-i oferi copilului t\u0103u o experien\u021b\u0103 de neuitat \u0219i s\u0103-l \u00eencurajezi s\u0103 iubeasc\u0103 mi\u0219carea, <strong data-start=\"373\" data-end=\"412\">bicicleta pentru copii cu doua roti<\/strong> este solu\u021bia ideal\u0103! Conceput\u0103 special pentru cei mici, acest model de <strong data-start=\"484\" data-end=\"523\">bicicleta pentru copii<\/strong>\u00a0\u00eei ajut\u0103 pe cei mici s\u0103-\u0219i dezvolte echilibrul \u0219i coordonarea \u00eentr-un mod distractiv \u0219i sigur.<\/p>\n<p data-start=\"622\" data-end=\"866\">\u2714 <strong data-start=\"624\" data-end=\"654\">U\u0219oar\u0103 \u0219i u\u0219or de manevrat<\/strong><br data-start=\"654\" data-end=\"657\" \/>Cu un cadru din o\u021bel rezistent \u0219i un design ergonomic, bicicleta are o greutate de doar 1.8 kg. Este perfect\u0103 pentru copii cu o \u00een\u0103l\u021bime \u00eentre 80 \u0219i 108 cm, oferindu-le libertatea de a se deplasa f\u0103r\u0103 efort.<\/p>\n<p data-start=\"868\" data-end=\"1266\"><strong data-start=\"870\" data-end=\"900\">Siguran\u021b\u0103 \u0219i confort maxim<\/strong><br data-start=\"900\" data-end=\"903\" \/>Aceast\u0103 <strong data-start=\"911\" data-end=\"950\">bicicleta pentru copii<\/strong> este echipat\u0103 cu un ghidon ajustabil (\u00eentre 48-57 cm) \u0219i o \u0219a confortabil\u0103, reglabil\u0103 \u00eentre 31 \u0219i 40 cm. Astfel \u00eenc\u00e2t copilul s\u0103 poat\u0103 cre\u0219te \u00eempreun\u0103 cu bicicleta. Ro\u021bile din plastic moale sunt durabile \u0219i nu zg\u00e2rie suprafe\u021bele interioare, astfel c\u0103 bicicleta poate fi folosit\u0103 at\u00e2t \u00een cas\u0103, c\u00e2t \u0219i \u00een aer liber.<\/p>\n<p data-start=\"1268\" data-end=\"1515\"><strong data-start=\"1270\" data-end=\"1295\">Dezvoltare prin joac\u0103<\/strong><br data-start=\"1295\" data-end=\"1298\" \/>Utilizarea unei biciclete de echilibru \u00eei ajut\u0103 pe copii s\u0103-\u0219i dezvolte reflexele, coordonarea m\u00e2ini-ochi \u0219i \u00eencrederea \u00een sine. De asemenea, este un pas excelent pentru trecerea ulterioar\u0103 la o biciclet\u0103 cu pedale.<\/p>\n<h3 data-start=\"1517\" data-end=\"1548\">\u00a0<strong data-start=\"1519\" data-end=\"1546\">Caracteristici tehnice:<\/strong><\/h3>\n<ul data-start=\"1549\" data-end=\"1875\">\n<li data-start=\"1549\" data-end=\"1577\"><strong data-start=\"1551\" data-end=\"1570\">Material cadru:<\/strong> o\u021bel<\/li>\n<li data-start=\"1578\" data-end=\"1602\"><strong data-start=\"1580\" data-end=\"1593\">Greutate:<\/strong> 1.8 kg<\/li>\n<li data-start=\"1603\" data-end=\"1656\"><strong data-start=\"1605\" data-end=\"1642\">\u00cen\u0103l\u021bime recomandat\u0103 a copilului:<\/strong> 80 - 108 cm<\/li>\n<li data-start=\"1657\" data-end=\"1702\"><strong data-start=\"1659\" data-end=\"1694\">Capacitate maxim\u0103 de sus\u021binere:<\/strong> 35 kg<\/li>\n<li data-start=\"1703\" data-end=\"1731\"><strong data-start=\"1705\" data-end=\"1723\">Diametru ro\u021bi:<\/strong> 28 cm<\/li>\n<li data-start=\"1732\" data-end=\"1875\"><strong data-start=\"1734\" data-end=\"1749\">Dimensiuni:<\/strong>\n<ul data-start=\"1754\" data-end=\"1875\">\n<li data-start=\"1754\" data-end=\"1780\">L\u0103\u021bime ghidon: 39.5 cm<\/li>\n<li data-start=\"1783\" data-end=\"1814\">\u00cen\u0103l\u021bime ghidon: 48 - 57 cm<\/li>\n<li data-start=\"1817\" data-end=\"1844\">\u00cen\u0103l\u021bime \u0219a: 31 - 40 cm<\/li>\n<li data-start=\"1847\" data-end=\"1875\">Lungime biciclet\u0103: 80 cm<\/li>\n<\/ul>\n<\/li>\n<\/ul>\n<h3 data-start=\"1877\" data-end=\"2089\"><strong data-start=\"1879\" data-end=\"1942\">De ce s\u0103 alegi aceast\u0103 bicicleta pentru copii cu doua roti?<\/strong><\/h3>\n<p data-start=\"1877\" data-end=\"2089\"><br data-start=\"1942\" data-end=\"1945\" \/>\u2705 U\u0219oar\u0103 \u0219i portabil\u0103<br data-start=\"1966\" data-end=\"1969\" \/>\u2705 Design ergonomic \u0219i sigur<br data-start=\"1996\" data-end=\"1999\" \/>\u2705 Ajut\u0103 la dezvoltarea echilibrului \u0219i coordon\u0103rii<br data-start=\"2049\" data-end=\"2052\" \/>\u2705 Materiale durabile \u0219i de calitate<\/p>\n<p data-start=\"2091\" data-end=\"2194\">Aceast\u0103 biciclet\u0103 este cadoul perfect pentru orice copil activ, gata s\u0103 exploreze lumea pe dou\u0103 ro\u021bi!<\/p>\n","protected":false},"excerpt":{"rendered":"<h3 data-start=\"1517\" data-end=\"1548\"><strong data-start=\"1519\" data-end=\"1546\">Caracteristici tehnice:<\/strong><\/h3>\n<ul data-start=\"1549\" data-end=\"1875\">\n<li data-start=\"1549\" data-end=\"1577\"><strong data-start=\"1551\" data-end=\"1570\">Material cadru:<\/strong> o\u021bel<\/li>\n<li data-start=\"1578\" data-end=\"1602\"><strong data-start=\"1580\" data-end=\"1593\">Greutate:<\/strong> 1.8 kg<\/li>\n<li data-start=\"1603\" data-end=\"1656\"><strong data-start=\"1605\" data-end=\"1642\">\u00cen\u0103l\u021bime recomandat\u0103 a copilului:<\/strong> 80 - 108 cm<\/li>\n<li data-start=\"1657\" data-end=\"1702\"><strong data-start=\"1659\" data-end=\"1694\">Capacitate maxim\u0103 de sus\u021binere:<\/strong> 35 kg<\/li>\n<li data-start=\"1703\" data-end=\"1731\"><strong data-start=\"1705\" data-end=\"1723\">Diametru ro\u021bi:<\/strong> 28 cm<\/li>\n<\/ul>\n","protected":false},"featured_media":33029,"comment_status":"open","ping_status":"closed","template":"","meta":{"_acf_changed":false},"product_brand":[],"product_cat":[149,66,111],"product_tag":[],"class_list":{"0":"post-18163","1":"product","2":"type-product","3":"status-publish","4":"has-post-thumbnail","6":"product_cat-activitati","7":"product_cat-jucarii","8":"product_cat-reduceri","10":"first","11":"instock","12":"sale","13":"shipping-taxable","14":"purchasable","15":"product-type-simple"},"acf":[],"yoast_head":"<!-- This site is optimized with the Yoast SEO plugin v25.3.1 - https:\/\/yoast.com\/wordpress\/plugins\/seo\/ -->\n<title>Bicicleta de echilibru pentru copii cu doua roti, roz&amp;alb, pana la 35kg - My Store<\/title>\n<meta name=\"description\" content=\"Aceast\u0103 bicicleta pentru copii\u00a0este echipat\u0103 cu un ghidon ajustabil (\u00eentre 48-57 cm) \u0219i o \u0219a confortabil\u0103, reglabil\u0103 \u00eentre 31 \u0219i 40 cm\" \/>\n<meta name=\"robots\" content=\"noindex, follow, max-snippet:-1, max-image-preview:large, max-video-preview:-1\" \/>\n<meta property=\"og:locale\" content=\"en_US\" \/>\n<meta property=\"og:type\" content=\"article\" \/>\n<meta property=\"og:title\" content=\"Bicicleta de echilibru pentru copii cu doua roti, roz&amp;alb, pana la 35kg - My Store\" \/>\n<meta property=\"og:description\" content=\"Aceast\u0103 bicicleta pentru copii\u00a0este echipat\u0103 cu un ghidon ajustabil (\u00eentre 48-57 cm) \u0219i o \u0219a confortabil\u0103, reglabil\u0103 \u00eentre 31 \u0219i 40 cm\" \/>\n<meta property=\"og:url\" content=\"https:\/\/mamaonline.alta-agentie.ro\/?product=bicicleta-pentru-copii-cu-doua-roti-rozalb-pana-la-35kg\" \/>\n<meta property=\"og:site_name\" content=\"My Store\" \/>\n<meta property=\"article:modified_time\" content=\"2025-06-25T12:06:37+00:00\" \/>\n<meta name=\"twitter:card\" content=\"summary_large_image\" \/>\n<meta name=\"twitter:label1\" content=\"Est. reading time\" \/>\n\t<meta name=\"twitter:data1\" content=\"2 minutes\" \/>\n<script type=\"application\/ld+json\" class=\"yoast-schema-graph\">{\"@context\":\"https:\/\/schema.org\",\"@graph\":[{\"@type\":\"WebPage\",\"@id\":\"https:\/\/mamaonline.alta-agentie.ro\/?product=bicicleta-pentru-copii-cu-doua-roti-rozalb-pana-la-35kg\",\"url\":\"https:\/\/mamaonline.alta-agentie.ro\/?product=bicicleta-pentru-copii-cu-doua-roti-rozalb-pana-la-35kg\",\"name\":\"Bicicleta de echilibru pentru copii cu doua roti, roz&amp;alb, pana la 35kg - My Store\",\"isPartOf\":{\"@id\":\"https:\/\/mamaonline.alta-agentie.ro\/#website\"},\"primaryImageOfPage\":{\"@id\":\"https:\/\/mamaonline.alta-agentie.ro\/?product=bicicleta-pentru-copii-cu-doua-roti-rozalb-pana-la-35kg#primaryimage\"},\"image\":{\"@id\":\"https:\/\/mamaonline.alta-agentie.ro\/?product=bicicleta-pentru-copii-cu-doua-roti-rozalb-pana-la-35kg#primaryimage\"},\"thumbnailUrl\":\"\",\"datePublished\":\"2025-03-04T12:50:13+00:00\",\"dateModified\":\"2025-06-25T12:06:37+00:00\",\"description\":\"Aceast\u0103 bicicleta pentru copii\u00a0este echipat\u0103 cu un ghidon ajustabil (\u00eentre 48-57 cm) \u0219i o \u0219a confortabil\u0103, reglabil\u0103 \u00eentre 31 \u0219i 40 cm\",\"breadcrumb\":{\"@id\":\"https:\/\/mamaonline.alta-agentie.ro\/?product=bicicleta-pentru-copii-cu-doua-roti-rozalb-pana-la-35kg#breadcrumb\"},\"inLanguage\":\"en-US\",\"potentialAction\":[{\"@type\":\"ReadAction\",\"target\":[\"https:\/\/mamaonline.alta-agentie.ro\/?product=bicicleta-pentru-copii-cu-doua-roti-rozalb-pana-la-35kg\"]}]},{\"@type\":\"ImageObject\",\"inLanguage\":\"en-US\",\"@id\":\"https:\/\/mamaonline.alta-agentie.ro\/?product=bicicleta-pentru-copii-cu-doua-roti-rozalb-pana-la-35kg#primaryimage\",\"url\":\"\",\"contentUrl\":\"\"},{\"@type\":\"BreadcrumbList\",\"@id\":\"https:\/\/mamaonline.alta-agentie.ro\/?product=bicicleta-pentru-copii-cu-doua-roti-rozalb-pana-la-35kg#breadcrumb\",\"itemListElement\":[{\"@type\":\"ListItem\",\"position\":1,\"name\":\"Home\",\"item\":\"https:\/\/mamaonline.alta-agentie.ro\/\"},{\"@type\":\"ListItem\",\"position\":2,\"name\":\"Products\",\"item\":\"https:\/\/mamaonline.alta-agentie.ro\/?post_type=product\"},{\"@type\":\"ListItem\",\"position\":3,\"name\":\"Bicicleta de echilibru pentru copii cu doua roti, roz&amp;alb, pana la 35kg\"}]},{\"@type\":\"WebSite\",\"@id\":\"https:\/\/mamaonline.alta-agentie.ro\/#website\",\"url\":\"https:\/\/mamaonline.alta-agentie.ro\/\",\"name\":\"My Store\",\"description\":\"\",\"potentialAction\":[{\"@type\":\"SearchAction\",\"target\":{\"@type\":\"EntryPoint\",\"urlTemplate\":\"https:\/\/mamaonline.alta-agentie.ro\/?s={search_term_string}\"},\"query-input\":{\"@type\":\"PropertyValueSpecification\",\"valueRequired\":true,\"valueName\":\"search_term_string\"}}],\"inLanguage\":\"en-US\"}]}<\/script>\n<!-- \/ Yoast SEO plugin. -->","yoast_head_json":{"title":"Bicicleta de echilibru pentru copii cu doua roti, roz&amp;alb, pana la 35kg - My Store","description":"Aceast\u0103 bicicleta pentru copii\u00a0este echipat\u0103 cu un ghidon ajustabil (\u00eentre 48-57 cm) \u0219i o \u0219a confortabil\u0103, reglabil\u0103 \u00eentre 31 \u0219i 40 cm","robots":{"index":"noindex","follow":"follow","max-snippet":"max-snippet:-1","max-image-preview":"max-image-preview:large","max-video-preview":"max-video-preview:-1"},"og_locale":"en_US","og_type":"article","og_title":"Bicicleta de echilibru pentru copii cu doua roti, roz&amp;alb, pana la 35kg - My Store","og_description":"Aceast\u0103 bicicleta pentru copii\u00a0este echipat\u0103 cu un ghidon ajustabil (\u00eentre 48-57 cm) \u0219i o \u0219a confortabil\u0103, reglabil\u0103 \u00eentre 31 \u0219i 40 cm","og_url":"https:\/\/mamaonline.alta-agentie.ro\/?product=bicicleta-pentru-copii-cu-doua-roti-rozalb-pana-la-35kg","og_site_name":"My Store","article_modified_time":"2025-06-25T12:06:37+00:00","twitter_card":"summary_large_image","twitter_misc":{"Est. reading time":"2 minutes"},"schema":{"@context":"https:\/\/schema.org","@graph":[{"@type":"WebPage","@id":"https:\/\/mamaonline.alta-agentie.ro\/?product=bicicleta-pentru-copii-cu-doua-roti-rozalb-pana-la-35kg","url":"https:\/\/mamaonline.alta-agentie.ro\/?product=bicicleta-pentru-copii-cu-doua-roti-rozalb-pana-la-35kg","name":"Bicicleta de echilibru pentru copii cu doua roti, roz&amp;alb, pana la 35kg - My Store","isPartOf":{"@id":"https:\/\/mamaonline.alta-agentie.ro\/#website"},"primaryImageOfPage":{"@id":"https:\/\/mamaonline.alta-agentie.ro\/?product=bicicleta-pentru-copii-cu-doua-roti-rozalb-pana-la-35kg#primaryimage"},"image":{"@id":"https:\/\/mamaonline.alta-agentie.ro\/?product=bicicleta-pentru-copii-cu-doua-roti-rozalb-pana-la-35kg#primaryimage"},"thumbnailUrl":"","datePublished":"2025-03-04T12:50:13+00:00","dateModified":"2025-06-25T12:06:37+00:00","description":"Aceast\u0103 bicicleta pentru copii\u00a0este echipat\u0103 cu un ghidon ajustabil (\u00eentre 48-57 cm) \u0219i o \u0219a confortabil\u0103, reglabil\u0103 \u00eentre 31 \u0219i 40 cm","breadcrumb":{"@id":"https:\/\/mamaonline.alta-agentie.ro\/?product=bicicleta-pentru-copii-cu-doua-roti-rozalb-pana-la-35kg#breadcrumb"},"inLanguage":"en-US","potentialAction":[{"@type":"ReadAction","target":["https:\/\/mamaonline.alta-agentie.ro\/?product=bicicleta-pentru-copii-cu-doua-roti-rozalb-pana-la-35kg"]}]},{"@type":"ImageObject","inLanguage":"en-US","@id":"https:\/\/mamaonline.alta-agentie.ro\/?product=bicicleta-pentru-copii-cu-doua-roti-rozalb-pana-la-35kg#primaryimage","url":"","contentUrl":""},{"@type":"BreadcrumbList","@id":"https:\/\/mamaonline.alta-agentie.ro\/?product=bicicleta-pentru-copii-cu-doua-roti-rozalb-pana-la-35kg#breadcrumb","itemListElement":[{"@type":"ListItem","position":1,"name":"Home","item":"https:\/\/mamaonline.alta-agentie.ro\/"},{"@type":"ListItem","position":2,"name":"Products","item":"https:\/\/mamaonline.alta-agentie.ro\/?post_type=product"},{"@type":"ListItem","position":3,"name":"Bicicleta de echilibru pentru copii cu doua roti, roz&amp;alb, pana la 35kg"}]},{"@type":"WebSite","@id":"https:\/\/mamaonline.alta-agentie.ro\/#website","url":"https:\/\/mamaonline.alta-agentie.ro\/","name":"My Store","description":"","potentialAction":[{"@type":"SearchAction","target":{"@type":"EntryPoint","urlTemplate":"https:\/\/mamaonline.alta-agentie.ro\/?s={search_term_string}"},"query-input":{"@type":"PropertyValueSpecification","valueRequired":true,"valueName":"search_term_string"}}],"inLanguage":"en-US"}]}},"_links":{"self":[{"href":"https:\/\/mamaonline.alta-agentie.ro\/index.php?rest_route=\/wp\/v2\/product\/18163","targetHints":{"allow":["GET"]}}],"collection":[{"href":"https:\/\/mamaonline.alta-agentie.ro\/index.php?rest_route=\/wp\/v2\/product"}],"about":[{"href":"https:\/\/mamaonline.alta-agentie.ro\/index.php?rest_route=\/wp\/v2\/types\/product"}],"replies":[{"embeddable":true,"href":"https:\/\/mamaonline.alta-agentie.ro\/index.php?rest_route=%2Fwp%2Fv2%2Fcomments&post=18163"}],"wp:featuredmedia":[{"embeddable":true,"href":"https:\/\/mamaonline.alta-agentie.ro\/index.php?rest_route=\/"}],"wp:attachment":[{"href":"https:\/\/mamaonline.alta-agentie.ro\/index.php?rest_route=%2Fwp%2Fv2%2Fmedia&parent=18163"}],"wp:term":[{"taxonomy":"product_brand","embeddable":true,"href":"https:\/\/mamaonline.alta-agentie.ro\/index.php?rest_route=%2Fwp%2Fv2%2Fproduct_brand&post=18163"},{"taxonomy":"product_cat","embeddable":true,"href":"https:\/\/mamaonline.alta-agentie.ro\/index.php?rest_route=%2Fwp%2Fv2%2Fproduct_cat&post=18163"},{"taxonomy":"product_tag","embeddable":true,"href":"https:\/\/mamaonline.alta-agentie.ro\/index.php?rest_route=%2Fwp%2Fv2%2Fproduct_tag&post=18163"}],"curies":[{"name":"wp","href":"https:\/\/api.w.org\/{rel}","templated":true}]}}