{"id":13284,"date":"2024-05-22T13:29:29","date_gmt":"2024-05-22T13:29:29","guid":{"rendered":"https:\/\/mamaonline.ro\/new\/?post_type=product&amp;p=13284"},"modified":"2024-05-22T13:29:29","modified_gmt":"2024-05-22T13:29:29","slug":"zornaitoare-cu-bila-sophie-la-girafe","status":"publish","type":"product","link":"https:\/\/mamaonline.alta-agentie.ro\/?product=zornaitoare-cu-bila-sophie-la-girafe","title":{"rendered":"Zornaitoare cu bila - Sophie la Girafe"},"content":{"rendered":"<h4><strong>Zornaitoare cu bila - Sophie la Girafe<\/strong><\/h4>\n<p>Ve\u021bi primi (1) Sophie la Girafe Soft Maracas Rattle. Un baston plin cu bile colorate care se rotesc \u00een jurul lui Sophie la girafe \u0219i h\u00e2rtie crocant\u0103 pe cealalt\u0103 parte! Bebelu\u0219ul t\u0103u va adora s\u0103 agite aceast\u0103 juc\u0103rie \u00eenainte \u0219i \u00eenapoi pentru a urm\u0103ri \u0219i asculta toate caracteristicile sale! U\u0219or de prins \u00een mijloc, cu culori care vor captiva aten\u021bia bebelu\u0219ului t\u0103u. O juc\u0103rie de agitare adorabil\u0103, cu multe descoperiri interesante pentru bebelu\u0219.<\/p>\n<table class=\"a-normal a-spacing-micro\" style=\"height: 167px;\" width=\"348\">\n<tbody>\n<tr class=\"a-spacing-small po-material\">\n<td class=\"a-span3\"><span class=\"a-size-base a-text-bold\">Material<\/span><\/td>\n<td class=\"a-span9\"><span class=\"a-size-base po-break-word\">Plastic<\/span><\/td>\n<\/tr>\n<tr class=\"a-spacing-small po-brand\">\n<td class=\"a-span3\"><span class=\"a-size-base a-text-bold\">Brand<\/span><\/td>\n<td class=\"a-span9\"><span class=\"a-size-base po-break-word\">Sophie la girafe<\/span><\/td>\n<\/tr>\n<tr class=\"a-spacing-small po-age_range_description\">\n<td class=\"a-span3\"><span class=\"a-size-base a-text-bold\">Varsta recomandata<\/span><\/td>\n<td class=\"a-span9\">0 luni+<\/td>\n<\/tr>\n<tr class=\"a-spacing-small po-item_dimensions\">\n<td class=\"a-span3\"><span class=\"a-size-base a-text-bold\">Dimenisuni L x W x H<\/span><\/td>\n<td class=\"a-span9\"><span class=\"a-size-base po-break-word\">17 x 6 x 6 centimetri<\/span><\/td>\n<\/tr>\n<tr class=\"a-spacing-small po-item_weight\">\n<td class=\"a-span3\"><span class=\"a-size-base a-text-bold\">Greutate produs<\/span><\/td>\n<td class=\"a-span9\"><span class=\"a-size-base po-break-word\">114 grame<\/span><\/td>\n<\/tr>\n<\/tbody>\n<\/table>\n<p>Sophie la Girafe zornaitoare Rattle este juc\u0103ria perfect\u0103 pentru micu\u021bul t\u0103u! Cu un design inovator \u0219i sigur, aceast\u0103 zorn\u0103itoare este ideal\u0103 pentru perioada de denti\u021bie. Este fabricat\u0103 de firma Sophie la Girafe, cunoscut\u0103 pentru calitatea \u0219i siguran\u021ba produselor sale. Fiind unisex, poate fi folosit\u0103 de orice copil, indiferent de gen.<\/p>\n<p>Aceast\u0103 zorn\u0103itoare cu bil\u0103 este ca un maracas, oferind un sunet pl\u0103cut \u0219i captivant pentru bebelu\u0219. Micu\u021bul t\u0103u va fi \u00eenc\u00e2ntat s\u0103 agite \u0219i s\u0103 exploreze aceast\u0103 juc\u0103rie interactiv\u0103. Cu fiecare zorn\u0103it, bebelu\u0219ul va descoperi noi sunete \u0219i senza\u021bii.<\/p>\n<p>Un alt avantaj al acestei zorn\u0103itoare este c\u0103 poate fi folosit\u0103 \u0219i pentru a ajuta la calmarea durerilor gingivale asociate cu denti\u021bia. Textura sa pl\u0103cut\u0103 \u0219i suprafa\u021ba neted\u0103 sunt bl\u00e2nde pentru gingii, oferind un confort u\u0219or pentru bebelu\u0219.<\/p>\n<p>Sophie la Girafe Rattle zornaitoare este u\u0219or de prins \u0219i manevrat de m\u00e2nu\u021bele delicate ale copilului t\u0103u. Culorile vii \u0219i designul atr\u0103g\u0103tor vor captiva aten\u021bia micu\u021bului, stimul\u00e2ndu-i sim\u021burile \u0219i dezvolt\u00e2ndu-i abilit\u0103\u021bile motorii fine.<\/p>\n<p>F\u0103 din timpul de joac\u0103 al copilului t\u0103u o experien\u021b\u0103 plin\u0103 de bucurie \u0219i descoperire cu Sophie la Girafe Rattle!<\/p>\n","protected":false},"excerpt":{"rendered":"<p>Sophie la Girafe Rattle este juc\u0103ria perfect\u0103 pentru micu\u021bul t\u0103u! Cu un design inovator \u0219i sigur, aceast\u0103 zorn\u0103itoare este ideal\u0103 pentru perioada de denti\u021bie. Este fabricat\u0103 de firma Sophie la Girafe, cunoscut\u0103 pentru calitatea \u0219i siguran\u021ba produselor sale. Fiind unisex, poate fi folosit\u0103 de orice copil, indiferent de gen.<\/p>\n","protected":false},"featured_media":31870,"comment_status":"open","ping_status":"closed","template":"","meta":{"_acf_changed":false},"product_brand":[],"product_cat":[160,66,111],"product_tag":[65,76],"class_list":{"0":"post-13284","1":"product","2":"type-product","3":"status-publish","4":"has-post-thumbnail","6":"product_cat-dentitie","7":"product_cat-jucarii","8":"product_cat-reduceri","9":"product_tag-jucarie-dentitie","10":"product_tag-mamaonline","12":"first","13":"instock","14":"sale","15":"shipping-taxable","16":"purchasable","17":"product-type-simple"},"acf":[],"yoast_head":"<!-- This site is optimized with the Yoast SEO plugin v25.3.1 - https:\/\/yoast.com\/wordpress\/plugins\/seo\/ -->\n<title>Zornaitoare cu bila - Sophie la Girafe - My Store<\/title>\n<meta name=\"description\" content=\"Zornaitoare Sophie la Girafe-este juc\u0103ria perfect\u0103 pentru bebe! Cu un design inovator \u0219i sigur, aceast\u0103 zorn\u0103itoare este ideal\u0103 pentru perioada de denti\u021bie.\" \/>\n<meta name=\"robots\" content=\"noindex, follow, max-snippet:-1, max-image-preview:large, max-video-preview:-1\" \/>\n<meta property=\"og:locale\" content=\"en_US\" \/>\n<meta property=\"og:type\" content=\"article\" \/>\n<meta property=\"og:title\" content=\"Zornaitoare cu bila - Sophie la Girafe - My Store\" \/>\n<meta property=\"og:description\" content=\"Zornaitoare Sophie la Girafe-este juc\u0103ria perfect\u0103 pentru bebe! Cu un design inovator \u0219i sigur, aceast\u0103 zorn\u0103itoare este ideal\u0103 pentru perioada de denti\u021bie.\" \/>\n<meta property=\"og:url\" content=\"https:\/\/mamaonline.alta-agentie.ro\/?product=zornaitoare-cu-bila-sophie-la-girafe\" \/>\n<meta property=\"og:site_name\" content=\"My Store\" \/>\n<meta name=\"twitter:card\" content=\"summary_large_image\" \/>\n<meta name=\"twitter:label1\" content=\"Est. reading time\" \/>\n\t<meta name=\"twitter:data1\" content=\"2 minutes\" \/>\n<script type=\"application\/ld+json\" class=\"yoast-schema-graph\">{\"@context\":\"https:\/\/schema.org\",\"@graph\":[{\"@type\":\"WebPage\",\"@id\":\"https:\/\/mamaonline.alta-agentie.ro\/?product=zornaitoare-cu-bila-sophie-la-girafe\",\"url\":\"https:\/\/mamaonline.alta-agentie.ro\/?product=zornaitoare-cu-bila-sophie-la-girafe\",\"name\":\"Zornaitoare cu bila - Sophie la Girafe - My Store\",\"isPartOf\":{\"@id\":\"https:\/\/mamaonline.alta-agentie.ro\/#website\"},\"primaryImageOfPage\":{\"@id\":\"https:\/\/mamaonline.alta-agentie.ro\/?product=zornaitoare-cu-bila-sophie-la-girafe#primaryimage\"},\"image\":{\"@id\":\"https:\/\/mamaonline.alta-agentie.ro\/?product=zornaitoare-cu-bila-sophie-la-girafe#primaryimage\"},\"thumbnailUrl\":\"\",\"datePublished\":\"2024-05-22T13:29:29+00:00\",\"description\":\"Zornaitoare Sophie la Girafe-este juc\u0103ria perfect\u0103 pentru bebe! Cu un design inovator \u0219i sigur, aceast\u0103 zorn\u0103itoare este ideal\u0103 pentru perioada de denti\u021bie.\",\"breadcrumb\":{\"@id\":\"https:\/\/mamaonline.alta-agentie.ro\/?product=zornaitoare-cu-bila-sophie-la-girafe#breadcrumb\"},\"inLanguage\":\"en-US\",\"potentialAction\":[{\"@type\":\"ReadAction\",\"target\":[\"https:\/\/mamaonline.alta-agentie.ro\/?product=zornaitoare-cu-bila-sophie-la-girafe\"]}]},{\"@type\":\"ImageObject\",\"inLanguage\":\"en-US\",\"@id\":\"https:\/\/mamaonline.alta-agentie.ro\/?product=zornaitoare-cu-bila-sophie-la-girafe#primaryimage\",\"url\":\"\",\"contentUrl\":\"\"},{\"@type\":\"BreadcrumbList\",\"@id\":\"https:\/\/mamaonline.alta-agentie.ro\/?product=zornaitoare-cu-bila-sophie-la-girafe#breadcrumb\",\"itemListElement\":[{\"@type\":\"ListItem\",\"position\":1,\"name\":\"Home\",\"item\":\"https:\/\/mamaonline.alta-agentie.ro\/\"},{\"@type\":\"ListItem\",\"position\":2,\"name\":\"Products\",\"item\":\"https:\/\/mamaonline.alta-agentie.ro\/?post_type=product\"},{\"@type\":\"ListItem\",\"position\":3,\"name\":\"Zornaitoare cu bila - Sophie la Girafe\"}]},{\"@type\":\"WebSite\",\"@id\":\"https:\/\/mamaonline.alta-agentie.ro\/#website\",\"url\":\"https:\/\/mamaonline.alta-agentie.ro\/\",\"name\":\"My Store\",\"description\":\"\",\"potentialAction\":[{\"@type\":\"SearchAction\",\"target\":{\"@type\":\"EntryPoint\",\"urlTemplate\":\"https:\/\/mamaonline.alta-agentie.ro\/?s={search_term_string}\"},\"query-input\":{\"@type\":\"PropertyValueSpecification\",\"valueRequired\":true,\"valueName\":\"search_term_string\"}}],\"inLanguage\":\"en-US\"}]}<\/script>\n<!-- \/ Yoast SEO plugin. -->","yoast_head_json":{"title":"Zornaitoare cu bila - Sophie la Girafe - My Store","description":"Zornaitoare Sophie la Girafe-este juc\u0103ria perfect\u0103 pentru bebe! Cu un design inovator \u0219i sigur, aceast\u0103 zorn\u0103itoare este ideal\u0103 pentru perioada de denti\u021bie.","robots":{"index":"noindex","follow":"follow","max-snippet":"max-snippet:-1","max-image-preview":"max-image-preview:large","max-video-preview":"max-video-preview:-1"},"og_locale":"en_US","og_type":"article","og_title":"Zornaitoare cu bila - Sophie la Girafe - My Store","og_description":"Zornaitoare Sophie la Girafe-este juc\u0103ria perfect\u0103 pentru bebe! Cu un design inovator \u0219i sigur, aceast\u0103 zorn\u0103itoare este ideal\u0103 pentru perioada de denti\u021bie.","og_url":"https:\/\/mamaonline.alta-agentie.ro\/?product=zornaitoare-cu-bila-sophie-la-girafe","og_site_name":"My Store","twitter_card":"summary_large_image","twitter_misc":{"Est. reading time":"2 minutes"},"schema":{"@context":"https:\/\/schema.org","@graph":[{"@type":"WebPage","@id":"https:\/\/mamaonline.alta-agentie.ro\/?product=zornaitoare-cu-bila-sophie-la-girafe","url":"https:\/\/mamaonline.alta-agentie.ro\/?product=zornaitoare-cu-bila-sophie-la-girafe","name":"Zornaitoare cu bila - Sophie la Girafe - My Store","isPartOf":{"@id":"https:\/\/mamaonline.alta-agentie.ro\/#website"},"primaryImageOfPage":{"@id":"https:\/\/mamaonline.alta-agentie.ro\/?product=zornaitoare-cu-bila-sophie-la-girafe#primaryimage"},"image":{"@id":"https:\/\/mamaonline.alta-agentie.ro\/?product=zornaitoare-cu-bila-sophie-la-girafe#primaryimage"},"thumbnailUrl":"","datePublished":"2024-05-22T13:29:29+00:00","description":"Zornaitoare Sophie la Girafe-este juc\u0103ria perfect\u0103 pentru bebe! Cu un design inovator \u0219i sigur, aceast\u0103 zorn\u0103itoare este ideal\u0103 pentru perioada de denti\u021bie.","breadcrumb":{"@id":"https:\/\/mamaonline.alta-agentie.ro\/?product=zornaitoare-cu-bila-sophie-la-girafe#breadcrumb"},"inLanguage":"en-US","potentialAction":[{"@type":"ReadAction","target":["https:\/\/mamaonline.alta-agentie.ro\/?product=zornaitoare-cu-bila-sophie-la-girafe"]}]},{"@type":"ImageObject","inLanguage":"en-US","@id":"https:\/\/mamaonline.alta-agentie.ro\/?product=zornaitoare-cu-bila-sophie-la-girafe#primaryimage","url":"","contentUrl":""},{"@type":"BreadcrumbList","@id":"https:\/\/mamaonline.alta-agentie.ro\/?product=zornaitoare-cu-bila-sophie-la-girafe#breadcrumb","itemListElement":[{"@type":"ListItem","position":1,"name":"Home","item":"https:\/\/mamaonline.alta-agentie.ro\/"},{"@type":"ListItem","position":2,"name":"Products","item":"https:\/\/mamaonline.alta-agentie.ro\/?post_type=product"},{"@type":"ListItem","position":3,"name":"Zornaitoare cu bila - Sophie la Girafe"}]},{"@type":"WebSite","@id":"https:\/\/mamaonline.alta-agentie.ro\/#website","url":"https:\/\/mamaonline.alta-agentie.ro\/","name":"My Store","description":"","potentialAction":[{"@type":"SearchAction","target":{"@type":"EntryPoint","urlTemplate":"https:\/\/mamaonline.alta-agentie.ro\/?s={search_term_string}"},"query-input":{"@type":"PropertyValueSpecification","valueRequired":true,"valueName":"search_term_string"}}],"inLanguage":"en-US"}]}},"_links":{"self":[{"href":"https:\/\/mamaonline.alta-agentie.ro\/index.php?rest_route=\/wp\/v2\/product\/13284","targetHints":{"allow":["GET"]}}],"collection":[{"href":"https:\/\/mamaonline.alta-agentie.ro\/index.php?rest_route=\/wp\/v2\/product"}],"about":[{"href":"https:\/\/mamaonline.alta-agentie.ro\/index.php?rest_route=\/wp\/v2\/types\/product"}],"replies":[{"embeddable":true,"href":"https:\/\/mamaonline.alta-agentie.ro\/index.php?rest_route=%2Fwp%2Fv2%2Fcomments&post=13284"}],"wp:featuredmedia":[{"embeddable":true,"href":"https:\/\/mamaonline.alta-agentie.ro\/index.php?rest_route=\/"}],"wp:attachment":[{"href":"https:\/\/mamaonline.alta-agentie.ro\/index.php?rest_route=%2Fwp%2Fv2%2Fmedia&parent=13284"}],"wp:term":[{"taxonomy":"product_brand","embeddable":true,"href":"https:\/\/mamaonline.alta-agentie.ro\/index.php?rest_route=%2Fwp%2Fv2%2Fproduct_brand&post=13284"},{"taxonomy":"product_cat","embeddable":true,"href":"https:\/\/mamaonline.alta-agentie.ro\/index.php?rest_route=%2Fwp%2Fv2%2Fproduct_cat&post=13284"},{"taxonomy":"product_tag","embeddable":true,"href":"https:\/\/mamaonline.alta-agentie.ro\/index.php?rest_route=%2Fwp%2Fv2%2Fproduct_tag&post=13284"}],"curies":[{"name":"wp","href":"https:\/\/api.w.org\/{rel}","templated":true}]}}