{"id":445,"date":"2016-08-29T07:48:13","date_gmt":"2016-08-29T07:48:13","guid":{"rendered":"http:\/\/wp.ideapark.kz\/kidz\/babyshop\/?page_id=2"},"modified":"2016-08-29T07:48:13","modified_gmt":"2016-08-29T07:48:13","slug":"descopera-bucuria-cumparaturilor-pentru-tine-si-cel-mic","status":"publish","type":"page","link":"https:\/\/mamaonline.alta-agentie.ro\/","title":{"rendered":"MamaOnline | Magazin Mame si Copii"},"content":{"rendered":"<p>[ip-two-col][ip-left]<\/p>\n<h4>Despre MamaOnline.ro<\/h4>\n<p>Cu drag v\u0103 prezint\u0103m universul nostru magic, acolo unde dragostea de mamici \u0219i copii se \u00eemplete\u0219te cu pasiunea pentru calitate \u0219i excelen\u021b\u0103. Bine a\u021bi venit pe <strong>MamaOnline.ro<\/strong>\u00a0 Acesta este locul unde fiecare produs este ales cu grij\u0103 \u0219i dedicare!<\/p>\n<h5>Suntem mai mult dec\u00e2t un simplu magazin online<\/h5>\n<p>Suntem o <strong>comunitate cald\u0103 \u0219i prietenoas\u0103<\/strong>, plin\u0103 de mame, viitoare m\u0103mici \u0219i t\u0103tici. Aici, fiecare clipe\u0219te \u00eentr-o lume plin\u0103 de culori \u0219i c\u0103ldur\u0103. Fiecare produs are o poveste de spus \u0219i fiecare client este un membru pre\u021bios al familiei noastre extinse.<\/p>\n<p>Cu ani de experien\u021b\u0103 \u0219i o pasiune ne\u00eentrerupt\u0103 pentru a v\u0103 aduce cele mai inovatoare \u0219i calitative produse \u00een magazin. Ne str\u0103duim mereu s\u0103 fim al\u0103turi de voi \u00een fiecare etap\u0103 a c\u0103l\u0103toriei voastre ca p\u0103rin\u021bi. De la prima clip\u0103 c\u00e2nd a\u021bi aflat c\u0103 ve\u021bi fi p\u0103rin\u021bi, p\u00e2n\u0103 la zilele pline de z\u00e2mbete \u0219i aventuri al\u0103turi de cei mici.<\/p>\n<p>\u00cen magazinul nostru ve\u021bi g\u0103si tot ce ave\u021bi nevoie pentru a v\u0103 \u00eengriji bebelu\u0219ul sau copilul. \u00cencep\u00e2nd de la h\u0103inu\u021be \u0219i \u00eenc\u0103l\u021b\u0103minte p\u00e2n\u0103 la accesorii inovatoare \u0219i juc\u0103rii educative. \u00cen plus, avem o gam\u0103 larg\u0103 de produse pentru mamici. De la articole de \u00eengrijire personal\u0103 la accesorii care s\u0103 faciliteze perioada de al\u0103ptare sau deplasarea bebelu\u0219ului. [\/ip-left][ip-right] Ne m\u00e2ndrim cu faptul c\u0103 noi colabor\u0103m numai cu branduri de \u00eencredere \u0219i c\u0103ut\u0103m mereu cele mai bune solu\u021bii pentru nevoile voastre. Fie c\u0103 ve\u021bi c\u0103uta produse organice \u0219i naturale sau cele mai noi inova\u021bii tehnologice \u00een materie de \u00eengrijire a copiilor. Suntem aici s\u0103 v\u0103 oferim cele mai bune recomand\u0103ri \u0219i s\u0103 v\u0103 ajut\u0103m s\u0103 face\u021bi cele mai bune alegeri pentru familia voastr\u0103.<\/p>\n<h5>Comenzile pe site-ul nostru<\/h5>\n<p>Fiecare comand\u0103 plasat\u0103 pe <strong>MamaOnline.ro<\/strong> este tratat\u0103 cu aten\u021bie \u0219i respect, iar echipa noastr\u0103 este mereu disponibil\u0103 s\u0103 r\u0103spund\u0103 \u00eentreb\u0103rilor voastre. Pentru c\u0103 suntem aici nu doar s\u0103 vindem produse, ci s\u0103 construim rela\u021bii de \u00eencredere.<\/p>\n<p>V\u0103 mul\u021bumim c\u0103 a\u021bi ales s\u0103 face\u021bi parte din comunitatea noastr\u0103 <strong>MamaOnline.ro<\/strong><\/p>\n<p>\u00cen fiecare zi este o nou\u0103 oportunitate de a \u00eemp\u0103rt\u0103\u0219i bucuria \u0219i frumuse\u021bea de a fi p\u0103rinte! Sper\u0103m s\u0103 v\u0103 bucura\u021bi de experien\u021ba noastr\u0103 \u0219i s\u0103 v\u0103 \u00eentoarce\u021bi mereu cu drag pentru a descoperi cele mai noi \u0219i fascinante produse pentru \u00eentreaga familie. [\/ip-right][\/ip-two-col]<\/p>\n<p style=\"text-align: center;\"><br \/>[ip-button text=\"Contact\" href=\"https:\/\/mamaonline.ro\/contact-us\/\"]<\/p>\n\n<p>&nbsp;<\/p>\n","protected":false},"excerpt":{"rendered":"<p>[ip-two-col][ip-left] Despre MamaOnline.ro Cu drag v\u0103 prezint\u0103m universul nostru magic, acolo unde dragostea de mamici \u0219i copii se \u00eemplete\u0219te cu pasiunea pentru calitate \u0219i excelen\u021b\u0103. Bine a\u021bi venit pe MamaOnline.ro\u00a0 Acesta este locul unde fiecare produs este ales cu grij\u0103 \u0219i dedicare! Suntem mai mult dec\u00e2t un simplu magazin online Suntem o comunitate cald\u0103 \u0219i [&hellip;]<\/p>\n","protected":false},"author":1,"featured_media":0,"parent":0,"menu_order":0,"comment_status":"closed","ping_status":"open","template":"","meta":{"_acf_changed":false,"footnotes":""},"class_list":["post-445","page","type-page","status-publish","hentry"],"acf":[],"yoast_head":"<!-- This site is optimized with the Yoast SEO plugin v25.3.1 - https:\/\/yoast.com\/wordpress\/plugins\/seo\/ -->\n<title>MamaOnline | Magazin Mame si Copii - My Store<\/title>\n<meta name=\"description\" content=\"Magazin dedicat produselor pentru mamici si copii. Livrare gratuita comenzilor peste 250 lei. Produse de calitate la preturi accesibile.\" \/>\n<meta name=\"robots\" content=\"noindex, follow, max-snippet:-1, max-image-preview:large, max-video-preview:-1\" \/>\n<meta property=\"og:locale\" content=\"en_US\" \/>\n<meta property=\"og:type\" content=\"article\" \/>\n<meta property=\"og:title\" content=\"MamaOnline | Magazin Mame si Copii - My Store\" \/>\n<meta property=\"og:description\" content=\"Magazin dedicat produselor pentru mamici si copii. Livrare gratuita comenzilor peste 200 lei. Produse de calitate la preturi accesibile.\" \/>\n<meta property=\"og:url\" content=\"https:\/\/mamaonline.alta-agentie.ro\/\" \/>\n<meta property=\"og:site_name\" content=\"My Store\" \/>\n<meta name=\"twitter:card\" content=\"summary_large_image\" \/>\n<meta name=\"twitter:label1\" content=\"Est. reading time\" \/>\n\t<meta name=\"twitter:data1\" content=\"29 minutes\" \/>\n<script type=\"application\/ld+json\" class=\"yoast-schema-graph\">{\"@context\":\"https:\/\/schema.org\",\"@graph\":[{\"@type\":\"WebPage\",\"@id\":\"https:\/\/mamaonline.alta-agentie.ro\/\",\"url\":\"https:\/\/mamaonline.alta-agentie.ro\/\",\"name\":\"MamaOnline | Magazin Mame si Copii - My Store\",\"isPartOf\":{\"@id\":\"https:\/\/mamaonline.alta-agentie.ro\/#website\"},\"datePublished\":\"2016-08-29T07:48:13+00:00\",\"description\":\"Magazin dedicat produselor pentru mamici si copii. Livrare gratuita comenzilor peste 250 lei. Produse de calitate la preturi accesibile.\",\"breadcrumb\":{\"@id\":\"https:\/\/mamaonline.alta-agentie.ro\/#breadcrumb\"},\"inLanguage\":\"en-US\",\"potentialAction\":[{\"@type\":\"ReadAction\",\"target\":[\"https:\/\/mamaonline.alta-agentie.ro\/\"]}]},{\"@type\":\"BreadcrumbList\",\"@id\":\"https:\/\/mamaonline.alta-agentie.ro\/#breadcrumb\",\"itemListElement\":[{\"@type\":\"ListItem\",\"position\":1,\"name\":\"Home\",\"item\":\"https:\/\/mamaonline.alta-agentie.ro\/\"},{\"@type\":\"ListItem\",\"position\":2,\"name\":\"magazin copii\"}]},{\"@type\":\"WebSite\",\"@id\":\"https:\/\/mamaonline.alta-agentie.ro\/#website\",\"url\":\"https:\/\/mamaonline.alta-agentie.ro\/\",\"name\":\"My Store\",\"description\":\"\",\"potentialAction\":[{\"@type\":\"SearchAction\",\"target\":{\"@type\":\"EntryPoint\",\"urlTemplate\":\"https:\/\/mamaonline.alta-agentie.ro\/?s={search_term_string}\"},\"query-input\":{\"@type\":\"PropertyValueSpecification\",\"valueRequired\":true,\"valueName\":\"search_term_string\"}}],\"inLanguage\":\"en-US\"}]}<\/script>\n<!-- \/ Yoast SEO plugin. -->","yoast_head_json":{"title":"MamaOnline | Magazin Mame si Copii - My Store","description":"Magazin dedicat produselor pentru mamici si copii. Livrare gratuita comenzilor peste 250 lei. Produse de calitate la preturi accesibile.","robots":{"index":"noindex","follow":"follow","max-snippet":"max-snippet:-1","max-image-preview":"max-image-preview:large","max-video-preview":"max-video-preview:-1"},"og_locale":"en_US","og_type":"article","og_title":"MamaOnline | Magazin Mame si Copii - My Store","og_description":"Magazin dedicat produselor pentru mamici si copii. Livrare gratuita comenzilor peste 200 lei. Produse de calitate la preturi accesibile.","og_url":"https:\/\/mamaonline.alta-agentie.ro\/","og_site_name":"My Store","twitter_card":"summary_large_image","twitter_misc":{"Est. reading time":"29 minutes"},"schema":{"@context":"https:\/\/schema.org","@graph":[{"@type":"WebPage","@id":"https:\/\/mamaonline.alta-agentie.ro\/","url":"https:\/\/mamaonline.alta-agentie.ro\/","name":"MamaOnline | Magazin Mame si Copii - My Store","isPartOf":{"@id":"https:\/\/mamaonline.alta-agentie.ro\/#website"},"datePublished":"2016-08-29T07:48:13+00:00","description":"Magazin dedicat produselor pentru mamici si copii. Livrare gratuita comenzilor peste 250 lei. Produse de calitate la preturi accesibile.","breadcrumb":{"@id":"https:\/\/mamaonline.alta-agentie.ro\/#breadcrumb"},"inLanguage":"en-US","potentialAction":[{"@type":"ReadAction","target":["https:\/\/mamaonline.alta-agentie.ro\/"]}]},{"@type":"BreadcrumbList","@id":"https:\/\/mamaonline.alta-agentie.ro\/#breadcrumb","itemListElement":[{"@type":"ListItem","position":1,"name":"Home","item":"https:\/\/mamaonline.alta-agentie.ro\/"},{"@type":"ListItem","position":2,"name":"magazin copii"}]},{"@type":"WebSite","@id":"https:\/\/mamaonline.alta-agentie.ro\/#website","url":"https:\/\/mamaonline.alta-agentie.ro\/","name":"My Store","description":"","potentialAction":[{"@type":"SearchAction","target":{"@type":"EntryPoint","urlTemplate":"https:\/\/mamaonline.alta-agentie.ro\/?s={search_term_string}"},"query-input":{"@type":"PropertyValueSpecification","valueRequired":true,"valueName":"search_term_string"}}],"inLanguage":"en-US"}]}},"_links":{"self":[{"href":"https:\/\/mamaonline.alta-agentie.ro\/index.php?rest_route=\/wp\/v2\/pages\/445","targetHints":{"allow":["GET"]}}],"collection":[{"href":"https:\/\/mamaonline.alta-agentie.ro\/index.php?rest_route=\/wp\/v2\/pages"}],"about":[{"href":"https:\/\/mamaonline.alta-agentie.ro\/index.php?rest_route=\/wp\/v2\/types\/page"}],"author":[{"embeddable":true,"href":"https:\/\/mamaonline.alta-agentie.ro\/index.php?rest_route=\/wp\/v2\/users\/1"}],"replies":[{"embeddable":true,"href":"https:\/\/mamaonline.alta-agentie.ro\/index.php?rest_route=%2Fwp%2Fv2%2Fcomments&post=445"}],"version-history":[{"count":0,"href":"https:\/\/mamaonline.alta-agentie.ro\/index.php?rest_route=\/wp\/v2\/pages\/445\/revisions"}],"wp:attachment":[{"href":"https:\/\/mamaonline.alta-agentie.ro\/index.php?rest_route=%2Fwp%2Fv2%2Fmedia&parent=445"}],"curies":[{"name":"wp","href":"https:\/\/api.w.org\/{rel}","templated":true}]}}